{"id":2651,"date":"2022-06-27T01:10:22","date_gmt":"2022-06-26T23:10:22","guid":{"rendered":"http:\/\/wjazdqj.cluster030.hosting.ovh.net\/wjazdqj193\/?page_id=2651"},"modified":"2025-10-16T12:24:10","modified_gmt":"2025-10-16T10:24:10","slug":"les-entrainements","status":"publish","type":"page","link":"https:\/\/arcsarcelles.com\/index.php\/infos-pratiques\/les-entrainements\/","title":{"rendered":"Les Entrainements"},"content":{"rendered":"\n<p>Les entrainements ont lieu directement sur notre terrain, au centre Sportif Nelson Mandela. Gr\u00e2ce \u00e0 notre salle permanente, nous pouvons accueillir l&rsquo;ensemble des adh\u00e9rents dans de tr\u00e8s bonnes conditions toute l&rsquo;ann\u00e9e et ainsi proposer un meilleur acc\u00e8s \u00e0 nos infrastructures. <\/p>\n\n\n\n<p>Toutes les s\u00e9ances sont dispens\u00e9es et encadr\u00e9es par des entraineurs ayant leur brevet d&rsquo;\u00e9tat  ou en formation du dipl\u00f4me d&rsquo;\u00e9tat.<\/p>\n\n\n\n<div class=\"wp-block-cover is-light has-parallax has-custom-content-position is-position-top-center\" style=\"min-height:255px;aspect-ratio:unset;\"><div class=\"wp-block-cover__image-background wp-image-3122 has-parallax\" style=\"background-position:50% 50%;background-image:url(http:\/\/arcsarcelles.com\/wp-content\/uploads\/2022\/10\/IMG-20211215-WA0011.jpg)\"><\/div><span aria-hidden=\"true\" class=\"wp-block-cover__background has-background-dim\"><\/span><div class=\"wp-block-cover__inner-container is-layout-flow wp-block-cover-is-layout-flow\">\n<p class=\"has-text-align-center has-large-font-size\"><\/p>\n\n\n\n<p><\/p>\n\n\n\n<p><\/p>\n<\/div><\/div>\n\n\n\n<div style=\"height:15px\" aria-hidden=\"true\" class=\"wp-block-spacer\"><\/div>\n\n\n\n<h2 class=\"wp-block-heading\">Les encadrants<\/h2>\n\n\n\n<p>Les entrainements d\u00e9butants sont tous encadr\u00e9s par au moins un Brevet d&rsquo;Etat.<\/p>\n\n\n\n<h2 class=\"wp-block-heading\">Les horaires<\/h2>\n\n\n\n<div class=\"wp-block-columns is-layout-flex wp-container-core-columns-is-layout-9d6595d7 wp-block-columns-is-layout-flex\">\n<div class=\"wp-block-column is-vertically-aligned-top is-layout-flow wp-block-column-is-layout-flow\">\n<h4 class=\"wp-block-heading\"><strong>D\u00e9butants<\/strong><\/h4>\n\n\n\n<blockquote class=\"wp-block-quote is-layout-flow wp-block-quote-is-layout-flow\">\n<p><strong>Samedi<\/strong><\/p>\n\n\n\n<p>Groupe 1 de 13h00 \u00e0 14h15<\/p>\n\n\n\n<p>Groupe 2 de 14h15 \u00e0 15h30<\/p>\n\n\n\n<p>Groupe 3 de 15h30 \u00e0 16h45<\/p>\n<\/blockquote>\n<\/div>\n\n\n\n<div class=\"wp-block-column is-vertically-aligned-top is-layout-flow wp-block-column-is-layout-flow\">\n<h4 class=\"wp-block-heading\"><strong>Jeunes pr\u00e9pa comp\u00e9tition 2\u00b0 ann\u00e9e et +<\/strong><\/h4>\n\n\n\n<blockquote class=\"wp-block-quote is-layout-flow wp-block-quote-is-layout-flow\">\n<p><strong>Lundi<\/strong> de 18h30 \u00e0 20h30<\/p>\n\n\n\n<p><strong>Jeudi <\/strong>de 18h30 \u00e0 20h30<\/p>\n<\/blockquote>\n<\/div>\n\n\n\n<div class=\"wp-block-column is-vertically-aligned-top is-layout-flow wp-block-column-is-layout-flow\">\n<h4 class=\"wp-block-heading\"><strong>Confirm\u00e9s \/ Comp\u00e9titeurs<\/strong><\/h4>\n\n\n\n<blockquote class=\"wp-block-quote is-layout-flow wp-block-quote-is-layout-flow\">\n<p><strong>Lundi <\/strong>de 20h00 \u00e0 22h00<\/p>\n\n\n\n<p><strong>Jeudi <\/strong>de 20h00 \u00e0 22h00<\/p>\n\n\n\n<p><strong>Samedi <\/strong>de 15h15 \u00e0 17h15<\/p>\n<\/blockquote>\n<\/div>\n<\/div>\n\n\n\n<h2 class=\"wp-block-heading\">La tenue<\/h2>\n\n\n\n<p>Lors des entrainements il est conseill\u00e9 d&rsquo;adopter une tenue destin\u00e9e \u00e0 la pratique sportive et des v\u00eatements proches du corps au niveau des bras.<\/p>\n\n\n\n<p>Nous disposons d&rsquo;une tenue de Club.<\/p>\n\n\n\n<figure class=\"wp-block-image size-large is-resized\"><img loading=\"lazy\" decoding=\"async\" width=\"725\" height=\"1024\" src=\"http:\/\/arcsarcelles.com\/wp-content\/uploads\/2025\/10\/VISUEL-SARCELLES-V1_Page_1-725x1024.jpg\" alt=\"\" class=\"wp-image-3563\" style=\"width:294px;height:auto\" srcset=\"https:\/\/arcsarcelles.com\/wp-content\/uploads\/2025\/10\/VISUEL-SARCELLES-V1_Page_1-725x1024.jpg 725w, https:\/\/arcsarcelles.com\/wp-content\/uploads\/2025\/10\/VISUEL-SARCELLES-V1_Page_1-212x300.jpg 212w, https:\/\/arcsarcelles.com\/wp-content\/uploads\/2025\/10\/VISUEL-SARCELLES-V1_Page_1-768x1085.jpg 768w, https:\/\/arcsarcelles.com\/wp-content\/uploads\/2025\/10\/VISUEL-SARCELLES-V1_Page_1.jpg 869w\" sizes=\"auto, (max-width: 725px) 100vw, 725px\" \/><\/figure>\n\n\n\n<figure class=\"wp-block-image size-large is-resized\"><img loading=\"lazy\" decoding=\"async\" width=\"724\" height=\"1024\" src=\"http:\/\/arcsarcelles.com\/wp-content\/uploads\/2025\/10\/VISUEL-SARCELLES-V1_Page_2-724x1024.jpg\" alt=\"\" class=\"wp-image-3562\" style=\"width:322px;height:auto\" srcset=\"https:\/\/arcsarcelles.com\/wp-content\/uploads\/2025\/10\/VISUEL-SARCELLES-V1_Page_2-724x1024.jpg 724w, https:\/\/arcsarcelles.com\/wp-content\/uploads\/2025\/10\/VISUEL-SARCELLES-V1_Page_2-212x300.jpg 212w, https:\/\/arcsarcelles.com\/wp-content\/uploads\/2025\/10\/VISUEL-SARCELLES-V1_Page_2-768x1087.jpg 768w, https:\/\/arcsarcelles.com\/wp-content\/uploads\/2025\/10\/VISUEL-SARCELLES-V1_Page_2.jpg 1075w\" sizes=\"auto, (max-width: 724px) 100vw, 724px\" \/><\/figure>\n","protected":false},"excerpt":{"rendered":"<p>Les entrainements ont lieu directement sur notre terrain, au centre Sportif Nelson Mandela. Gr\u00e2ce \u00e0 notre salle permanente, nous pouvons accueillir l&rsquo;ensemble des adh\u00e9rents dans de tr\u00e8s bonnes conditions toute l&rsquo;ann\u00e9e et ainsi proposer un meilleur acc\u00e8s \u00e0 nos infrastructures. Toutes les s\u00e9ances sont dispens\u00e9es et encadr\u00e9es par des entraineurs ayant leur brevet d&rsquo;\u00e9tat ou [&hellip;]<\/p>\n","protected":false},"author":2,"featured_media":2683,"parent":2649,"menu_order":0,"comment_status":"closed","ping_status":"closed","template":"","meta":{"_monsterinsights_skip_tracking":false,"_monsterinsights_sitenote_active":false,"_monsterinsights_sitenote_note":"","_monsterinsights_sitenote_category":0,"footnotes":""},"class_list":["post-2651","page","type-page","status-publish","has-post-thumbnail","hentry"],"aioseo_notices":[],"_links":{"self":[{"href":"https:\/\/arcsarcelles.com\/index.php\/wp-json\/wp\/v2\/pages\/2651","targetHints":{"allow":["GET"]}}],"collection":[{"href":"https:\/\/arcsarcelles.com\/index.php\/wp-json\/wp\/v2\/pages"}],"about":[{"href":"https:\/\/arcsarcelles.com\/index.php\/wp-json\/wp\/v2\/types\/page"}],"author":[{"embeddable":true,"href":"https:\/\/arcsarcelles.com\/index.php\/wp-json\/wp\/v2\/users\/2"}],"replies":[{"embeddable":true,"href":"https:\/\/arcsarcelles.com\/index.php\/wp-json\/wp\/v2\/comments?post=2651"}],"version-history":[{"count":7,"href":"https:\/\/arcsarcelles.com\/index.php\/wp-json\/wp\/v2\/pages\/2651\/revisions"}],"predecessor-version":[{"id":3565,"href":"https:\/\/arcsarcelles.com\/index.php\/wp-json\/wp\/v2\/pages\/2651\/revisions\/3565"}],"up":[{"embeddable":true,"href":"https:\/\/arcsarcelles.com\/index.php\/wp-json\/wp\/v2\/pages\/2649"}],"wp:featuredmedia":[{"embeddable":true,"href":"https:\/\/arcsarcelles.com\/index.php\/wp-json\/"}],"wp:attachment":[{"href":"https:\/\/arcsarcelles.com\/index.php\/wp-json\/wp\/v2\/media?parent=2651"}],"curies":[{"name":"wp","href":"https:\/\/api.w.org\/{rel}","templated":true}]}}