{"id":2649,"date":"2022-06-27T01:09:56","date_gmt":"2022-06-26T23:09:56","guid":{"rendered":"http:\/\/wjazdqj.cluster030.hosting.ovh.net\/wjazdqj193\/?page_id=2649"},"modified":"2022-10-06T10:58:50","modified_gmt":"2022-10-06T08:58:50","slug":"infos-pratiques","status":"publish","type":"page","link":"https:\/\/arcsarcelles.com\/index.php\/infos-pratiques\/","title":{"rendered":"Infos Pratiques"},"content":{"rendered":"\n<h2 class=\"wp-block-heading\">Nos Locaux<\/h2>\n\n\n\n<p>Au sein du centre sportif Nelson Mandela, nous disposons d&rsquo;un grand terrain dont le pas de tir ext\u00e9rieur permet l&rsquo;installation d&rsquo;au moins 10 cibles, de 13 postes de tir abrit\u00e9s ainsi que de 6 cibles en int\u00e9rieur.<\/p>\n\n\n\n<div class=\"wp-block-columns are-vertically-aligned-center is-layout-flex wp-container-core-columns-is-layout-9d6595d7 wp-block-columns-is-layout-flex\">\n<div class=\"wp-block-column is-vertically-aligned-center is-layout-flow wp-block-column-is-layout-flow\">\n<figure class=\"wp-block-image size-large\"><img decoding=\"async\" src=\"http:\/\/wjazdqj.cluster030.hosting.ovh.net\/wjazdqj193\/wp-content\/uploads\/2022\/06\/IMG-20211215-WA0002-1024x461.jpg\" alt=\"\" class=\"wp-image-2831\"\/><\/figure>\n<\/div>\n\n\n\n<div class=\"wp-block-column is-vertically-aligned-center is-layout-flow wp-block-column-is-layout-flow\">\n<figure class=\"wp-block-image size-large\"><img decoding=\"async\" src=\"http:\/\/wjazdqj.cluster030.hosting.ovh.net\/wjazdqj193\/wp-content\/uploads\/2022\/06\/20190523_174557-edited-1.jpg\" alt=\"\" class=\"wp-image-2945\"\/><\/figure>\n<\/div>\n<\/div>\n\n\n\n<h2 class=\"wp-block-heading\">Notre Adresse<\/h2>\n\n\n\n<div class=\"wp-block-columns is-layout-flex wp-container-core-columns-is-layout-9d6595d7 wp-block-columns-is-layout-flex\">\n<div class=\"wp-block-column is-layout-flow wp-block-column-is-layout-flow\" style=\"flex-basis:33.33%\">\n<div class=\"wp-block-group is-vertical is-layout-flex wp-container-core-group-is-layout-8cf370e7 wp-block-group-is-layout-flex\">\n<p>Centre Sportif Nelson Mandela,<\/p>\n\n\n\n<p>1 Avenue Paul Langevin,<\/p>\n\n\n\n<p>95200 Sarcelles<\/p>\n<\/div>\n<\/div>\n\n\n\n<div class=\"wp-block-column is-layout-flow wp-block-column-is-layout-flow\" style=\"flex-basis:66.66%\"><p><iframe src=\"https:\/\/www.google.com\/maps\/embed?pb=!1m18!1m12!1m3!1d2618.434961119721!2d2.3799858157351754!3d48.983279479299895!2m3!1f0!2f0!3f0!3m2!1i1024!2i768!4f13.1!3m3!1m2!1s0x47e66a291d05b59f%3A0xf3b49d9c6785566f!2sAAS%20Arc%20Club%20Sarcelles!5e0!3m2!1sfr!2sfr!4v1656289921682!5m2!1sfr!2sfr\" width=\"600\" height=\"450\" style=\"border:0;\" allowfullscreen=\"\" loading=\"lazy\" referrerpolicy=\"no-referrer-when-downgrade\"><\/iframe><\/p>\n<\/div>\n<\/div>\n","protected":false},"excerpt":{"rendered":"<p>Nos Locaux Au sein du centre sportif Nelson Mandela, nous disposons d&rsquo;un grand terrain dont le pas de tir ext\u00e9rieur permet l&rsquo;installation d&rsquo;au moins 10 cibles, de 13 postes de tir abrit\u00e9s ainsi que de 6 cibles en int\u00e9rieur. Notre Adresse Centre Sportif Nelson Mandela, 1 Avenue Paul Langevin, 95200 Sarcelles<\/p>\n","protected":false},"author":2,"featured_media":2896,"parent":0,"menu_order":4,"comment_status":"closed","ping_status":"closed","template":"","meta":{"_monsterinsights_skip_tracking":false,"_monsterinsights_sitenote_active":false,"_monsterinsights_sitenote_note":"","_monsterinsights_sitenote_category":0,"footnotes":""},"class_list":["post-2649","page","type-page","status-publish","has-post-thumbnail","hentry"],"aioseo_notices":[],"_links":{"self":[{"href":"https:\/\/arcsarcelles.com\/index.php\/wp-json\/wp\/v2\/pages\/2649","targetHints":{"allow":["GET"]}}],"collection":[{"href":"https:\/\/arcsarcelles.com\/index.php\/wp-json\/wp\/v2\/pages"}],"about":[{"href":"https:\/\/arcsarcelles.com\/index.php\/wp-json\/wp\/v2\/types\/page"}],"author":[{"embeddable":true,"href":"https:\/\/arcsarcelles.com\/index.php\/wp-json\/wp\/v2\/users\/2"}],"replies":[{"embeddable":true,"href":"https:\/\/arcsarcelles.com\/index.php\/wp-json\/wp\/v2\/comments?post=2649"}],"version-history":[{"count":1,"href":"https:\/\/arcsarcelles.com\/index.php\/wp-json\/wp\/v2\/pages\/2649\/revisions"}],"predecessor-version":[{"id":3177,"href":"https:\/\/arcsarcelles.com\/index.php\/wp-json\/wp\/v2\/pages\/2649\/revisions\/3177"}],"wp:featuredmedia":[{"embeddable":true,"href":"https:\/\/arcsarcelles.com\/index.php\/wp-json\/"}],"wp:attachment":[{"href":"https:\/\/arcsarcelles.com\/index.php\/wp-json\/wp\/v2\/media?parent=2649"}],"curies":[{"name":"wp","href":"https:\/\/api.w.org\/{rel}","templated":true}]}}